{"id":489,"date":"2016-12-05T12:05:22","date_gmt":"2016-12-05T12:05:22","guid":{"rendered":"http:\/\/aja-vvj.woot-it.be\/?post_type=tribe_events&#038;p=489\/"},"modified":"2019-08-22T20:27:11","modified_gmt":"2019-08-22T20:27:11","slug":"digitalisation-la-loi-belge-mettant-en-oeuvre-le-reglement-eidas-et-le-completant-avec-des-dispositions-sur-larchivage-electronique-une-boite-a-outils-juridiques-au-service-de-la-gestion-des-ris","status":"publish","type":"tribe_events","link":"https:\/\/www.aja-vvj.be\/fr\/activite\/digitalisation-la-loi-belge-mettant-en-oeuvre-le-reglement-eidas-et-le-completant-avec-des-dispositions-sur-larchivage-electronique-une-boite-a-outils-juridiques-au-service-de-la-gestion-des-ris\/","title":{"rendered":"Digitalisation : la loi belge mettant en oeuvre le r\u00e8glement eIDAS et le compl\u00e9tant avec des dispositions sur l&rsquo;archivage \u00e9lectronique &#8211; Une bo\u00eete \u00e0 outils juridiques au service de la gestion des risques"},"content":{"rendered":"<p>Orateur : Didier Gobert &#8211; Conseiller-juriste au Service Public F\u00e9d\u00e9ral Economie, Direction g\u00e9n\u00e9rale de la R\u00e9glementation Economique, responsable du Service droit de l\u2019\u00e9conomie \u00e9lectronique<\/p>\n<p>Date : le lundi 05 d\u00e9cembre 2016<\/p>\n<br \/>\nVous devez <a href=\"\/membres\/\">\u00eatre membre <\/a>pour avoir acc\u00e8s au rapport.<br \/>\n\n","protected":false},"excerpt":{"rendered":"<p>Orateur : Didier Gobert &#8211; Conseiller-juriste au Service Public F\u00e9d\u00e9ral Economie, Direction g\u00e9n\u00e9rale de la R\u00e9glementation Economique, responsable du Service droit de l\u2019\u00e9conomie \u00e9lectronique<\/p>\n","protected":false},"author":1,"featured_media":0,"template":"","meta":{"_price":"","_stock":"","_tribe_ticket_header":"","_tribe_default_ticket_provider":"","_tribe_ticket_capacity":"0","_ticket_start_date":"","_ticket_end_date":"","_tribe_ticket_show_description":"","_tribe_ticket_show_not_going":false,"_tribe_ticket_use_global_stock":"","_tribe_ticket_global_stock_level":"","_global_stock_mode":"","_global_stock_cap":"","_tribe_rsvp_for_event":"","_tribe_ticket_going_count":"","_tribe_ticket_not_going_count":"","_tribe_tickets_list":"[]","_tribe_ticket_has_attendee_info_fields":false,"_tribe_events_status":"","_tribe_events_status_reason":"","footnotes":"","_tec_slr_enabled":"","_tec_slr_layout":""},"tags":[],"tribe_events_cat":[],"class_list":["post-489","tribe_events","type-tribe_events","status-publish","hentry"],"yoast_head":"<!-- This site is optimized with the Yoast SEO plugin v27.5 - https:\/\/yoast.com\/product\/yoast-seo-wordpress\/ -->\n<title>Digitalisation : la loi belge mettant en oeuvre le r\u00e8glement eIDAS et le compl\u00e9tant avec des dispositions sur l&#039;archivage \u00e9lectronique - Une bo\u00eete \u00e0 outils juridiques au service de la gestion des risques - AJA VVJ<\/title>\n<meta name=\"robots\" content=\"index, follow, max-snippet:-1, max-image-preview:large, max-video-preview:-1\" \/>\n<link rel=\"canonical\" href=\"https:\/\/www.aja-vvj.be\/fr\/activite\/digitalisation-la-loi-belge-mettant-en-oeuvre-le-reglement-eidas-et-le-completant-avec-des-dispositions-sur-larchivage-electronique-une-boite-a-outils-juridiques-au-service-de-la-gestion-des-ris\/\" \/>\n<meta property=\"og:locale\" content=\"fr_FR\" \/>\n<meta property=\"og:type\" content=\"article\" \/>\n<meta property=\"og:title\" content=\"Digitalisation : la loi belge mettant en oeuvre le r\u00e8glement eIDAS et le compl\u00e9tant avec des dispositions sur l&#039;archivage \u00e9lectronique - Une bo\u00eete \u00e0 outils juridiques au service de la gestion des risques - AJA VVJ\" \/>\n<meta property=\"og:description\" content=\"Orateur : Didier Gobert - Conseiller-juriste au Service Public F\u00e9d\u00e9ral Economie, Direction g\u00e9n\u00e9rale de la R\u00e9glementation Economique, responsable du Service droit de l\u2019\u00e9conomie \u00e9lectronique\" \/>\n<meta property=\"og:url\" content=\"https:\/\/www.aja-vvj.be\/fr\/activite\/digitalisation-la-loi-belge-mettant-en-oeuvre-le-reglement-eidas-et-le-completant-avec-des-dispositions-sur-larchivage-electronique-une-boite-a-outils-juridiques-au-service-de-la-gestion-des-ris\/\" \/>\n<meta property=\"og:site_name\" content=\"AJA VVJ\" \/>\n<meta property=\"article:modified_time\" content=\"2019-08-22T20:27:11+00:00\" \/>\n<meta name=\"twitter:card\" content=\"summary_large_image\" \/>\n<script type=\"application\/ld+json\" class=\"yoast-schema-graph\">{\"@context\":\"https:\\\/\\\/schema.org\",\"@graph\":[{\"@type\":\"WebPage\",\"@id\":\"https:\\\/\\\/www.aja-vvj.be\\\/fr\\\/activite\\\/digitalisation-la-loi-belge-mettant-en-oeuvre-le-reglement-eidas-et-le-completant-avec-des-dispositions-sur-larchivage-electronique-une-boite-a-outils-juridiques-au-service-de-la-gestion-des-ris\\\/\",\"url\":\"https:\\\/\\\/www.aja-vvj.be\\\/fr\\\/activite\\\/digitalisation-la-loi-belge-mettant-en-oeuvre-le-reglement-eidas-et-le-completant-avec-des-dispositions-sur-larchivage-electronique-une-boite-a-outils-juridiques-au-service-de-la-gestion-des-ris\\\/\",\"name\":\"Digitalisation : la loi belge mettant en oeuvre le r\u00e8glement eIDAS et le compl\u00e9tant avec des dispositions sur l'archivage \u00e9lectronique - Une bo\u00eete \u00e0 outils juridiques au service de la gestion des risques - AJA VVJ\",\"isPartOf\":{\"@id\":\"https:\\\/\\\/www.aja-vvj.be\\\/fr\\\/#website\"},\"datePublished\":\"2016-12-05T12:05:22+00:00\",\"dateModified\":\"2019-08-22T20:27:11+00:00\",\"breadcrumb\":{\"@id\":\"https:\\\/\\\/www.aja-vvj.be\\\/fr\\\/activite\\\/digitalisation-la-loi-belge-mettant-en-oeuvre-le-reglement-eidas-et-le-completant-avec-des-dispositions-sur-larchivage-electronique-une-boite-a-outils-juridiques-au-service-de-la-gestion-des-ris\\\/#breadcrumb\"},\"inLanguage\":\"fr-FR\",\"potentialAction\":[{\"@type\":\"ReadAction\",\"target\":[\"https:\\\/\\\/www.aja-vvj.be\\\/fr\\\/activite\\\/digitalisation-la-loi-belge-mettant-en-oeuvre-le-reglement-eidas-et-le-completant-avec-des-dispositions-sur-larchivage-electronique-une-boite-a-outils-juridiques-au-service-de-la-gestion-des-ris\\\/\"]}]},{\"@type\":\"BreadcrumbList\",\"@id\":\"https:\\\/\\\/www.aja-vvj.be\\\/fr\\\/activite\\\/digitalisation-la-loi-belge-mettant-en-oeuvre-le-reglement-eidas-et-le-completant-avec-des-dispositions-sur-larchivage-electronique-une-boite-a-outils-juridiques-au-service-de-la-gestion-des-ris\\\/#breadcrumb\",\"itemListElement\":[{\"@type\":\"ListItem\",\"position\":1,\"name\":\"Home\",\"item\":\"https:\\\/\\\/www.aja-vvj.be\\\/fr\\\/home\\\/\"},{\"@type\":\"ListItem\",\"position\":2,\"name\":\"\u00c9v\u00e8nements\",\"item\":\"https:\\\/\\\/www.aja-vvj.be\\\/fr\\\/activites\\\/\"},{\"@type\":\"ListItem\",\"position\":3,\"name\":\"Digitalisation : la loi belge mettant en oeuvre le r\u00e8glement eIDAS et le compl\u00e9tant avec des dispositions sur l&#8217;archivage \u00e9lectronique &#8211; Une bo\u00eete \u00e0 outils juridiques au service de la gestion des risques\"}]},{\"@type\":\"WebSite\",\"@id\":\"https:\\\/\\\/www.aja-vvj.be\\\/fr\\\/#website\",\"url\":\"https:\\\/\\\/www.aja-vvj.be\\\/fr\\\/\",\"name\":\"AJA VVJ\",\"description\":\"\",\"potentialAction\":[{\"@type\":\"SearchAction\",\"target\":{\"@type\":\"EntryPoint\",\"urlTemplate\":\"https:\\\/\\\/www.aja-vvj.be\\\/fr\\\/?s={search_term_string}\"},\"query-input\":{\"@type\":\"PropertyValueSpecification\",\"valueRequired\":true,\"valueName\":\"search_term_string\"}}],\"inLanguage\":\"fr-FR\"}]}<\/script>\n<!-- \/ Yoast SEO plugin. -->","yoast_head_json":{"title":"Digitalisation : la loi belge mettant en oeuvre le r\u00e8glement eIDAS et le compl\u00e9tant avec des dispositions sur l'archivage \u00e9lectronique - Une bo\u00eete \u00e0 outils juridiques au service de la gestion des risques - AJA VVJ","robots":{"index":"index","follow":"follow","max-snippet":"max-snippet:-1","max-image-preview":"max-image-preview:large","max-video-preview":"max-video-preview:-1"},"canonical":"https:\/\/www.aja-vvj.be\/fr\/activite\/digitalisation-la-loi-belge-mettant-en-oeuvre-le-reglement-eidas-et-le-completant-avec-des-dispositions-sur-larchivage-electronique-une-boite-a-outils-juridiques-au-service-de-la-gestion-des-ris\/","og_locale":"fr_FR","og_type":"article","og_title":"Digitalisation : la loi belge mettant en oeuvre le r\u00e8glement eIDAS et le compl\u00e9tant avec des dispositions sur l'archivage \u00e9lectronique - Une bo\u00eete \u00e0 outils juridiques au service de la gestion des risques - AJA VVJ","og_description":"Orateur : Didier Gobert - Conseiller-juriste au Service Public F\u00e9d\u00e9ral Economie, Direction g\u00e9n\u00e9rale de la R\u00e9glementation Economique, responsable du Service droit de l\u2019\u00e9conomie \u00e9lectronique","og_url":"https:\/\/www.aja-vvj.be\/fr\/activite\/digitalisation-la-loi-belge-mettant-en-oeuvre-le-reglement-eidas-et-le-completant-avec-des-dispositions-sur-larchivage-electronique-une-boite-a-outils-juridiques-au-service-de-la-gestion-des-ris\/","og_site_name":"AJA VVJ","article_modified_time":"2019-08-22T20:27:11+00:00","twitter_card":"summary_large_image","schema":{"@context":"https:\/\/schema.org","@graph":[{"@type":"WebPage","@id":"https:\/\/www.aja-vvj.be\/fr\/activite\/digitalisation-la-loi-belge-mettant-en-oeuvre-le-reglement-eidas-et-le-completant-avec-des-dispositions-sur-larchivage-electronique-une-boite-a-outils-juridiques-au-service-de-la-gestion-des-ris\/","url":"https:\/\/www.aja-vvj.be\/fr\/activite\/digitalisation-la-loi-belge-mettant-en-oeuvre-le-reglement-eidas-et-le-completant-avec-des-dispositions-sur-larchivage-electronique-une-boite-a-outils-juridiques-au-service-de-la-gestion-des-ris\/","name":"Digitalisation : la loi belge mettant en oeuvre le r\u00e8glement eIDAS et le compl\u00e9tant avec des dispositions sur l'archivage \u00e9lectronique - Une bo\u00eete \u00e0 outils juridiques au service de la gestion des risques - AJA VVJ","isPartOf":{"@id":"https:\/\/www.aja-vvj.be\/fr\/#website"},"datePublished":"2016-12-05T12:05:22+00:00","dateModified":"2019-08-22T20:27:11+00:00","breadcrumb":{"@id":"https:\/\/www.aja-vvj.be\/fr\/activite\/digitalisation-la-loi-belge-mettant-en-oeuvre-le-reglement-eidas-et-le-completant-avec-des-dispositions-sur-larchivage-electronique-une-boite-a-outils-juridiques-au-service-de-la-gestion-des-ris\/#breadcrumb"},"inLanguage":"fr-FR","potentialAction":[{"@type":"ReadAction","target":["https:\/\/www.aja-vvj.be\/fr\/activite\/digitalisation-la-loi-belge-mettant-en-oeuvre-le-reglement-eidas-et-le-completant-avec-des-dispositions-sur-larchivage-electronique-une-boite-a-outils-juridiques-au-service-de-la-gestion-des-ris\/"]}]},{"@type":"BreadcrumbList","@id":"https:\/\/www.aja-vvj.be\/fr\/activite\/digitalisation-la-loi-belge-mettant-en-oeuvre-le-reglement-eidas-et-le-completant-avec-des-dispositions-sur-larchivage-electronique-une-boite-a-outils-juridiques-au-service-de-la-gestion-des-ris\/#breadcrumb","itemListElement":[{"@type":"ListItem","position":1,"name":"Home","item":"https:\/\/www.aja-vvj.be\/fr\/home\/"},{"@type":"ListItem","position":2,"name":"\u00c9v\u00e8nements","item":"https:\/\/www.aja-vvj.be\/fr\/activites\/"},{"@type":"ListItem","position":3,"name":"Digitalisation : la loi belge mettant en oeuvre le r\u00e8glement eIDAS et le compl\u00e9tant avec des dispositions sur l&#8217;archivage \u00e9lectronique &#8211; Une bo\u00eete \u00e0 outils juridiques au service de la gestion des risques"}]},{"@type":"WebSite","@id":"https:\/\/www.aja-vvj.be\/fr\/#website","url":"https:\/\/www.aja-vvj.be\/fr\/","name":"AJA VVJ","description":"","potentialAction":[{"@type":"SearchAction","target":{"@type":"EntryPoint","urlTemplate":"https:\/\/www.aja-vvj.be\/fr\/?s={search_term_string}"},"query-input":{"@type":"PropertyValueSpecification","valueRequired":true,"valueName":"search_term_string"}}],"inLanguage":"fr-FR"}]}},"ticketed":false,"_links":{"self":[{"href":"https:\/\/www.aja-vvj.be\/fr\/wp-json\/wp\/v2\/tribe_events\/489","targetHints":{"allow":["GET"]}}],"collection":[{"href":"https:\/\/www.aja-vvj.be\/fr\/wp-json\/wp\/v2\/tribe_events"}],"about":[{"href":"https:\/\/www.aja-vvj.be\/fr\/wp-json\/wp\/v2\/types\/tribe_events"}],"author":[{"embeddable":true,"href":"https:\/\/www.aja-vvj.be\/fr\/wp-json\/wp\/v2\/users\/1"}],"version-history":[{"count":2,"href":"https:\/\/www.aja-vvj.be\/fr\/wp-json\/wp\/v2\/tribe_events\/489\/revisions"}],"predecessor-version":[{"id":785,"href":"https:\/\/www.aja-vvj.be\/fr\/wp-json\/wp\/v2\/tribe_events\/489\/revisions\/785"}],"wp:attachment":[{"href":"https:\/\/www.aja-vvj.be\/fr\/wp-json\/wp\/v2\/media?parent=489"}],"wp:term":[{"taxonomy":"post_tag","embeddable":true,"href":"https:\/\/www.aja-vvj.be\/fr\/wp-json\/wp\/v2\/tags?post=489"},{"taxonomy":"tribe_events_cat","embeddable":true,"href":"https:\/\/www.aja-vvj.be\/fr\/wp-json\/wp\/v2\/tribe_events_cat?post=489"}],"curies":[{"name":"wp","href":"https:\/\/api.w.org\/{rel}","templated":true}]}}

Digitalisation : la loi belge mettant en oeuvre le règlement eIDAS et le complétant avec des dispositions sur l&rsquo;archivage électronique &#8211; Une boîte à outils juridiques au service de la gestion des risques

<p>Orateur : Didier Gobert &#8211; Conseiller-juriste au Service Public Fédéral Economie, Direction générale de la Réglementation Economique, responsable du Service droit de l’économie électronique</p>
<p>Date : le lundi 05 décembre 2016</p>
<br />
Vous devez <a href="/membres/">être membre </a>pour avoir accès au rapport.<br />

<p>Orateur : Didier Gobert &#8211; Conseiller-juriste au Service Public Fédéral Economie, Direction générale de la Réglementation Economique, responsable du Service droit de l’économie électronique</p>

<!-- This site is optimized with the Yoast SEO plugin v27.5 - https://yoast.com/product/yoast-seo-wordpress/ -->
<title>Digitalisation : la loi belge mettant en oeuvre le règlement eIDAS et le complétant avec des dispositions sur l&#039;archivage électronique - Une boîte à outils juridiques au service de la gestion des risques - AJA VVJ</title>
<meta name="robots" content="index, follow, max-snippet:-1, max-image-preview:large, max-video-preview:-1" />
<link rel="canonical" href="https://www.aja-vvj.be/fr/activite/digitalisation-la-loi-belge-mettant-en-oeuvre-le-reglement-eidas-et-le-completant-avec-des-dispositions-sur-larchivage-electronique-une-boite-a-outils-juridiques-au-service-de-la-gestion-des-ris/" />
<meta property="og:locale" content="fr_FR" />
<meta property="og:type" content="article" />
<meta property="og:title" content="Digitalisation : la loi belge mettant en oeuvre le règlement eIDAS et le complétant avec des dispositions sur l&#039;archivage électronique - Une boîte à outils juridiques au service de la gestion des risques - AJA VVJ" />
<meta property="og:description" content="Orateur : Didier Gobert - Conseiller-juriste au Service Public Fédéral Economie, Direction générale de la Réglementation Economique, responsable du Service droit de l’économie électronique" />
<meta property="og:url" content="https://www.aja-vvj.be/fr/activite/digitalisation-la-loi-belge-mettant-en-oeuvre-le-reglement-eidas-et-le-completant-avec-des-dispositions-sur-larchivage-electronique-une-boite-a-outils-juridiques-au-service-de-la-gestion-des-ris/" />
<meta property="og:site_name" content="AJA VVJ" />
<meta property="article:modified_time" content="2019-08-22T20:27:11+00:00" />
<meta name="twitter:card" content="summary_large_image" />
<script type="application/ld+json" class="yoast-schema-graph">{"@context":"https:\/\/schema.org","@graph":[{"@type":"WebPage","@id":"https:\/\/www.aja-vvj.be\/fr\/activite\/digitalisation-la-loi-belge-mettant-en-oeuvre-le-reglement-eidas-et-le-completant-avec-des-dispositions-sur-larchivage-electronique-une-boite-a-outils-juridiques-au-service-de-la-gestion-des-ris\/","url":"https:\/\/www.aja-vvj.be\/fr\/activite\/digitalisation-la-loi-belge-mettant-en-oeuvre-le-reglement-eidas-et-le-completant-avec-des-dispositions-sur-larchivage-electronique-une-boite-a-outils-juridiques-au-service-de-la-gestion-des-ris\/","name":"Digitalisation : la loi belge mettant en oeuvre le règlement eIDAS et le complétant avec des dispositions sur l'archivage électronique - Une boîte à outils juridiques au service de la gestion des risques - AJA VVJ","isPartOf":{"@id":"https:\/\/www.aja-vvj.be\/fr\/#website"},"datePublished":"2016-12-05T12:05:22+00:00","dateModified":"2019-08-22T20:27:11+00:00","breadcrumb":{"@id":"https:\/\/www.aja-vvj.be\/fr\/activite\/digitalisation-la-loi-belge-mettant-en-oeuvre-le-reglement-eidas-et-le-completant-avec-des-dispositions-sur-larchivage-electronique-une-boite-a-outils-juridiques-au-service-de-la-gestion-des-ris\/#breadcrumb"},"inLanguage":"fr-FR","potentialAction":[{"@type":"ReadAction","target":["https:\/\/www.aja-vvj.be\/fr\/activite\/digitalisation-la-loi-belge-mettant-en-oeuvre-le-reglement-eidas-et-le-completant-avec-des-dispositions-sur-larchivage-electronique-une-boite-a-outils-juridiques-au-service-de-la-gestion-des-ris\/"]}]},{"@type":"BreadcrumbList","@id":"https:\/\/www.aja-vvj.be\/fr\/activite\/digitalisation-la-loi-belge-mettant-en-oeuvre-le-reglement-eidas-et-le-completant-avec-des-dispositions-sur-larchivage-electronique-une-boite-a-outils-juridiques-au-service-de-la-gestion-des-ris\/#breadcrumb","itemListElement":[{"@type":"ListItem","position":1,"name":"Home","item":"https:\/\/www.aja-vvj.be\/fr\/home\/"},{"@type":"ListItem","position":2,"name":"Évènements","item":"https:\/\/www.aja-vvj.be\/fr\/activites\/"},{"@type":"ListItem","position":3,"name":"Digitalisation : la loi belge mettant en oeuvre le règlement eIDAS et le complétant avec des dispositions sur l&#8217;archivage électronique &#8211; Une boîte à outils juridiques au service de la gestion des risques"}]},{"@type":"WebSite","@id":"https:\/\/www.aja-vvj.be\/fr\/#website","url":"https:\/\/www.aja-vvj.be\/fr\/","name":"AJA VVJ","description":"","potentialAction":[{"@type":"SearchAction","target":{"@type":"EntryPoint","urlTemplate":"https:\/\/www.aja-vvj.be\/fr\/?s={search_term_string}"},"query-input":{"@type":"PropertyValueSpecification","valueRequired":true,"valueName":"search_term_string"}}],"inLanguage":"fr-FR"}]}</script>
<!-- / Yoast SEO plugin. -->

Digitalisation : la loi belge mettant en oeuvre le règlement eIDAS et le complétant avec des dispositions sur l'archivage électronique - Une boîte à outils juridiques au service de la gestion des risques - AJA VVJ

Orateur : Didier Gobert - Conseiller-juriste au Service Public Fédéral Economie, Direction générale de la Réglementation Economique, responsable du Service droit de l’économie électronique

Évènements

Digitalisation : la loi belge mettant en oeuvre le règlement eIDAS et le complétant avec des dispositions sur l&#8217;archivage électronique &#8211; Une boîte à outils juridiques au service de la gestion des risques
